.
7
Let i(r) = -402*r - 108413. Give i(-270).
127
Let i(v) = -4*v**2 - 453*v - 9293. What is i(-27)?
22
Let z(h) = -894*h + 25037. What is z(28)?
5
Let o(h) = 4*h**2 + 202*h + 1314. What is o(-6)?
246
Let z(x) = 20207*x - 363557. Calculate z(18).
169
Let x(d) = -1418*d - 20347. Calculate x(-13).
-1913
Let y(w) = -2*w**3 - 2*w**2 + 3126*w + 15404. Determine y(-5).
-26
Let d(w) = w**3 - 6*w**2 + 38*w - 212. Give d(11).
811
Let f(c) = -2*c**3 - 1672*c**2 - 3341*c - 4159. Determine f(-834).
11
Let c(k) = -k**2 - 714*k + 502976. Determine c(437).
-11
Let x(s) = -s**2 - 23237*s - 162499. Determine x(-7).
111
Let c(m) = m**3 + 32*m**2 - 1286*m - 40373. Determine c(-30).
7
Let b(i) = -6193*i + 7011. Calculate b(1).
818
Let x(y) = -y**2 - 55*y - 220. What is x(-11)?
264
Let y(w) = 15*w**3 - 525*w**2 + 141*w - 4939. Give y(35).
-4
Let j(c) = 3140*c + 44056. Give j(-13).
3236
Let t(s) = 2*s**3 + 191*s**2 + 82*s - 230. What is t(-95)?
1005
Let q(h) = 9*h**2 + 1259*h - 8910. Determine q(7).
344
Let f(o) = -2*o**2 + 158*o - 1728. Calculate f(69).
-348
Let f(o) = 530*o + 18276. Calculate f(-35).
-274
Let c(i) = -i**2 + 300*i + 39901. Calculate c(-98).
897
Let c(w) = w**2 + 2248*w + 29338. Calculate c(-13).
283
Let s(m) = 49882*m + 2095041. Calculate s(-42).
-3
Let a(y) = 276*y**2 + 893*y - 791. Give a(-4).
53
Let g(q) = -q**2 - 6198*q + 74488. Give g(12).
-32
Let l(o) = 6268*o - 2005642. Calculate l(320).
118
Let a(b) = 1654*b - 89137. Give a(54).
179
Let c(o) = -2*o**3 - 202*o**2 - 1508*o + 37. Calculate c(-8).
197
Let z(i) = -5*i**2 + 206*i - 224. Give z(40).
16
Let a(h) = -h**3 + 26*h**2 - 321*h + 7818. Determine a(25).
418
Let u(d) = -d**2 - 51742*d + 465733. Calculate u(9).
-26
Let v(g) = -71968*g - 71974. Give v(-1).
-6
Let u(h) = -2*h**2 + 265*h + 263. Determine u(144).
-3049
Let o(m) = -96172*m + 288515. Give o(3).
-1
Let j(c) = 97*c - 2082. What is j(20)?
-142
Let b(n) = n**3 + 39*n**2 + 90*n + 2714. Calculate b(-37).
2122
Let c(y) = -4*y**2 - 304*y - 3005. Calculate c(-11).
-145
Let d(h) = 8618*h + 249769. Calculate d(-29).
-153
Let l(g) = g**3 + 32*g**2 + 6709*g + 230410. Calculate l(-34).
-8
Let a(j) = 1039*j - 62319. Calculate a(61).
1060
Let r(w) = -421692*w + 2108465. Determine r(5).
5
Let t(l) = 2287*l**3 - 40*l**2 + 221*l + 261. Calculate t(-1).
-2287
Let w(f) = 8*f**2 - 729*f - 7938. Determine w(101).
41
Let u(h) = -h**3 - 10*h**2 - 3355*h - 30226. Give u(-9).
-112
Let n(h) = -7*h**3 + 193*h**2 - 43*h + 3562. What is n(28)?
6
Let b(h) = 2*h**3 + 43*h**2 - 56*h - 173. What is b(-23)?
-472
Let b(i) = 778*i - 202441. Calculate b(259).
-939
Let d(k) = -126*k + 45261. Give d(356).
405
Let m(j) = 248404*j + 745226. Determine m(-3).
14
Let v(j) = -j**3 - j**2 - 14*j + 1241. Give v(10).
1
Let y(l) = 4702*l - 70527. Determine y(15).
3
Let w(z) = 28*z**3 + z**2 - 20*z + 21. Determine w(2).
209
Let k(r) = r**2 - 3383*r - 2706063. Determine k(-668).
5
Let t(o) = 52369*o - 157140. Give t(3).
-33
Let a(w) = -51*w**2 + 7180*w + 14563. What is a(-2)?
-1
Let p(c) = c**3 + 58*c**2 - 10003*c + 2099. Calculate p(75).
-1
Let t(v) = 7*v**3 - 62*v**2 + 1203*v - 9171. What is t(8)?
69
Let h(r) = 2*r**2 + 1471*r + 53013. Determine h(-38).
3
Let w(o) = o**3 - 3*o**2 - 3544*o + 24614. Calculate w(7).
2
Let h(n) = n**3 + 180*n**2 - 329*n + 506221. Calculate h(-195).
1
Let f(w) = 143*w**2 - 1240*w - 434. What is f(9)?
-11
Let v(f) = 10243*f - 3103647. Determine v(303).
-18
Let f(u) = u**3 + 229*u**2 - 3819*u - 1613. Give f(16).
3
Let t(h) = 2*h**3 + 57*h**2 + 130*h + 2089. Give t(-27).
766
Let m(n) = -28*n**3 + 1934*n**2 - 124*n - 985. Calculate m(69).
-19
Let q(o) = 7*o**2 - 2466*o - 12481. What is q(-5)?
24
Let p(s) = -s**3 + 16*s**2 - 93*s + 991. Give p(11).
573
Let t(z) = -5*z**2 - 6*z - 87. Determine t(11).
-758
Let n(w) = -2032*w - 54881. What is n(-27)?
-17
Let b(j) = -j**2 + 1251*j + 3366496. What is b(-1313)?
-36
Let t(q) = -89781*q + 538608. Determine t(6).
-78
Let y(t) = -2*t**3 + 177*t**2 - 106*t + 1542. Calculate y(88).
-42
Let z(x) = 192*x**2 + 38*x - 136. Calculate z(3).
1706
Let y(j) = -88165*j - 176215. What is y(-2)?
115
Let s(w) = 3*w**3 - 340*w**2 + 104*w + 142. Determine s(113).
-875
Let b(n) = 6520*n + 19597. Calculate b(-3).
37
Let c(b) = b**3 - 624*b**2 + 3855*b - 920. Calculate c(6).
-38
Let h(u) = -u**2 + 913*u + 20498. Determine h(-22).
-72
Let g(p) = -10065*p + 14604319. Calculate g(1451).
4
Let f(c) = -70*c**3 + 290*c**2 - 28*c - 28. What is f(4)?
20
Let a(m) = m**2 - 217*m - 24666. What is a(-84)?
618
Let o(v) = 5124*v + 1573209. Calculate o(-307).
141
Let c(s) = -11*s**2 - 1202*s - 1455. What is c(-108)?
57
Let n(f) = f**3 + 69*f**2 + 445*f + 5. Give n(-7).
-72
Let s(o) = o**3 + 6*o**2 + 46*o - 388. Calculate s(9).
1241
Let t(o) = 6*o**3 - 146*o**2 - 1018*o + 25568. Give t(24).
-16
Let l(h) = 5*h**2 - 320*h + 253. Calculate l(63).
-62
Let r(z) = -z**3 + 44*z**2 - 16*z + 4. Give r(45).
-2741
Let g(o) = 22*o**2 + 2117*o - 6354. Calculate g(3).
195
Let z(m) = m**3 - 16*m**2 + 33*m - 74. Calculate z(6).
-236
Let g(k) = 777830*k - 15556591. What is g(20)?
9
Let t(u) = 3*u**2 + 252*u + 1748. Calculate t(-7).
131
Let y(w) = 96*w**2 - 2070*w + 1074. Calculate y(21).
-60
Let n(l) = -564*l**2 + 66009*l - 2447. Calculate n(117).
10
Let b(p) = p**3 - 9*p**2 + 15*p - 337. What is b(11)?
70
Let b(p) = 745*p - 27338. What is b(37)?
227
Let i(r) = -10898*r + 87443. What is i(8)?
259
Let f(x) = x**2 + 354*x - 5880. Give f(16).
40
Let n(z) = -z**3 - 26*z**2 + 13*z + 1460. Give n(-24).
-4
Let h(c) = c**3 - 69*c**2 - 256*c + 22581. Calculate h(68).
549
Let p(b) = -b**2 + 244*b + 31803. Determine p(338).
31
Let l(i) = 881*i**2 - 18*i + 40. Determine l(2).
3528
Let z(p) = -4*p**2 - 1052*p - 10136. What is z(-10)?
-16
Let p(s) = -s**3 - 81*s**2 - 1597*s - 249. Give p(-47).
-296
Let k(i) = 6175*i + 4850. Determine k(-1).
-1325
Let l(f) = f**3 + 7*f**2 - 29*f - 92. Determine l(-10).
-102
Let o(c) = 3860*c - 46340. Calculate o(12).
-20
Let z(m) = -59*m**2 + 5490*m + 386. Give z(93).
665
Let x(w) = -3*w**3 - 69*w**2 + 225*w + 1879. Determine x(-25).
4
Let s(c) = -c**3 + 72*c**2 - 773*c - 2234. Give s(58).
28
Let t(h) = 5*h**2 - 3031*h + 8986. Calculate t(3).
-62
Let n(u) = u**3 - 16*u**2 - 56*u + 35. Determine n(18).
-325
Let a(p) = 5*p**3 - 141*p**2 - 823*p + 36. What is a(-5)?
1
Let d(a) = -330514*a - 18178272. Calculate d(-55).
-2
Let d(w) = -1462*w - 81889. Calculate d(-56).
-17
Let r(h) = -h**2 - 78*h - 2291. What is r(-41)?
-774
Let f(h) = 5378*h + 157120. Give f(-29).
1158
Let n(p) = -p**3 - 507*p**2 + 4653*p - 108. Determine n(9).
-27
Let r(a) = -67745*a + 5351785. Determine r(79).
-70
Let a(y) = 47*y**2 - 5406*y + 124. What is a(115)?
9
Let n(b) = -2*b**3 - 17*b**2 + 51*b + 26. Calculate n(-11).
70
Let r(s) = s**3 + 204*s**2 - 816*s + 3335. Give r(-208).
7
Let r(c) = 18*c**2 + 213*c - 27. What is r(-11)?
-192
Let h(w) = 2*w**2 - 663*w + 26539. Determine h(288).
1483
Let x(j) = 6179*j - 117393. Determine x(19).
8
Let w(k) = -9*k**3 + 1419*k**2 - 939*k - 364. What is w(157)?
107
Let x(z) = z**3 - 202*z**2 - 508*z + 20397. Determine x(204).
-3
Let q(o) = -2*o**3 + 4*o**2 + 1175*o + 1172. Determine q(-1).
3
Let r(i) = -i**3 - 130*i**2 + 6587*i - 542. Determine r(-169).
134
Let m(z) = -15996*z - 95973. Give m(-6).
3
Let h(m) = -78279*m + 1409017. Give h(18).
-5
Let g(o) = -5*o**3 - 380*o**2 - 249. What is g(-76)?
-249
Let w(a) = 10*a**2 + 351*a - 4628. Give w(-44).
-712
Let b(c) = 3*c**2 + 1527*c - 45079. Calculate b(28).
29
Let d(z) = 4*z**3 + 2095*z**2 + 3647*z - 4148. Determine d(-522).
-494
Let j(d) = 16959*d + 49. Determine j(0).
49
Let g(m) = -2*m**2 - 375*m - 5064. Calculate g(-14).
-206
Let l(q) = -97*q**2 - 873*q - 772. Give l(-8).
4
Let x(k) = 3*k**2 - 1078*k - 45295. Determine x(-38).
1
Let t(q) = -27*q**2 + 316*q - 1064. Calculate t(5).
-159
Let s(k) = -2623*k + 209804. Give s(80).
-36
Let c(z) = 1192*z + 902343. Determine c(-757).
-1
Let g(n) = 782*n - 211905. What is g(271)?
17
Let q(r) = -4*r**2 - 3113*r - 230826. Calculate q(-83).
-3
Let d(p) = -3892*p - 597. Calculate d(-1).
3295
Let g(h) = -28583*h + 257426. What is g(9)?
179
Let o(p) = -65*p - 7040. Calculate o(-100).
-540
Let n(g) = -172*g + 43926. Give n(254).
238
Let m(a) = -494*a**2 